(i) = -53*i + 1. Let f be 1/(1/130*5). Suppose 16 = 4*o - 5*r, -4*o + 2 = 5*r + f. What is the units digit of g(o)?
4
What is the thousands digit of (57440/48 - 23) + (-2)/3?
1
Suppose -a - 28582 = 5*o - 87599, 35421 = 3*o - 3*a. What is the thousands digit of o?
1
Let z(o) = 2*o**3 - 18*o**2 - o + 6. Let r be z(9). Let n(f) = -21*f**3 - 4*f**2 - 3*f - 6. What is the units digit of n(r)?
4
Suppose 0 = 5*g - 2*p - p + 129, 0 = 2*g - 5*p + 63. What is the tens digit of 12/g + ((-1414)/(-4) - 3)?
5
Let k(d) be the third derivative of d**4/24 + 22*d**3/3 + 236*d**2 - 3*d. Let o(b) = -b**3 + 4*b**2 - b + 1. Let y be o(3). What is the units digit of k(y)?
1
Let n be (694 + 3)*27/(-27). Let g = n - -758. What is the tens digit of g?
6
Let h(r) = 3*r**3 - 23*r**2 - 10*r - 229. What is the units digit of h(31)?
1
Let j(v) = -v**2 - 43*v - 394. Let d be j(-9). Let c be 55/(-2) + (-1)/2. Let m = c - d. What is the tens digit of m?
6
Suppose -79*b + 84*b = 15. Suppose -1507 = -b*d + 884. What is the hundreds digit of d?
7
Let o be (5 - (8 - 2))*(0 + 1). Let u(i) be the third derivative of 2*i**5/5 + i**4/12 + i**3/6 + 34*i**2. What is the tens digit of u(o)?
2
Suppose -14*h - 50557 + 163866 = -41069. What is the units digit of h?
7
Let v(h) = h**2 + 23*h + 20. Let c(n) = -4*n**3 + 4*n**2 - n - 4. Let u be c(2). Let s be v(u). What is the units digit of ((-288)/(-60))/(s/(-70))?
8
Suppose 303 = 3*k + 219. Suppose 0 = -102*f + k*f + 143560. What is the tens digit of f?
4
Let t = 104 - -24. Let m = 323 - t. What is the tens digit of m?
9
Let i(z) = 785*z**3 + 7*z**2 - 6*z - 9. What is the tens digit of i(2)?
8
Let y(f) = -f**2 - 67*f + 197. Let p be y(3). What is the hundreds digit of -1*(-560)/(-8)*p?
9
Suppose 3*d = 16 - 28. What is the units digit of (12 - (d + 8)) + -4 - -314?
8
Let j(l) = -120*l**3 + 10*l**2 + 6*l + 8. What is the hundreds digit of j(-4)?
8
Let w be (-54)/144 + 26187/8. Suppose 2*h + 4 = 0, -5*l + 8*l - 3*h = w. What is the hundreds digit of l?
0
What is the tens digit of -3 + 7180 + (-60)/(-6)?
8
What is the hundreds digit of ((-1)/(-7))/(40/10327240)?
8
Let b = -98 - -101. Suppose 4*p - 27 = -b*q, 4*p - 6*p + 24 = -2*q. Suppose -180 = p*t - 15*t. What is the tens digit of t?
3
Suppose -142 - 114 = -3*t - 2*x, 412 = 5*t - 4*x. What is the tens digit of (6/5)/(t/14910)?
1
Let o be 0/(1/5 + 33/(-15)). Suppose 4*g + 4 = 4*d, o = -5*d + d - 2*g + 10. Suppose -3*c - 177 - 66 = -4*u, 242 = 4*u - d*c. What is the units digit of u?
0
Let j = -36 + -48. Let d = j + 101. Suppose -70 = 10*t - d*t. What is the units digit of t?
0
Suppose 6348*d = 6398*d - 928550. What is the thousands digit of d?
8
Let x = 2990 + 1808. Suppose 3*w - x - 206 = 0. What is the hundreds digit of w?
6
Let m = 23652 + 6888. What is the tens digit of m?
4
Let m = 41488 + -23840. What is the tens digit of m?
4
Let l(b) be the first derivative of -5*b**4/4 + 2*b**3/3 - 6*b**2 - 84*b - 150. What is the thousands digit of l(-6)?
1
Let a = -4616 + 7353. Let s = a - 1414. What is the tens digit of s?
2
Let n(h) = -4*h**3 + 14*h**2 + 122*h + 14. What is the tens digit of n(-12)?
7
Let a(d) = d**3 + 2*d**2 - 4*d + 4. Let h be a(0). Suppose -3*b = 3*c - 861, 9*c = h*c - 20. What is the hundreds digit of b?
2
Let o be -4 + (2 - 4/(-1)). Suppose 6*s + 48 = o*s. What is the tens digit of 82 + s/6 + -1 + -1?
7
Let j be 2/5 - (-1806)/10. Let c(o) = -o - 89. Let k be c(20). Let x = j + k. What is the units digit of x?
2
Let q = 11023 + -6965. What is the hundreds digit of q?
0
Let d(s) = s**2 + s + 16. Let m(z) = z**2 - 4*z - 16. Suppose 40 = 5*v + 5. Let y be m(v). What is the tens digit of d(y)?
4
Let d = 165 - 92. Suppose -t + 2*n + 48 = 0, t - n = -4*n + d. Let b = t + -15. What is the tens digit of b?
4
Let j = -79 + 86. Suppose -4*r = -4*t - 708, j*t - 3*t - 20 = 0. What is the units digit of r?
2
Suppose -1113229 - 3569861 = -300*z + 1322310. What is the thousands digit of z?
0
Let f be 2 + (7/21)/((-2)/(-18)). Suppose -9*h + 7*h = f*o - 1425, -3*o + 4*h = -829. What is the tens digit of o?
8
Let x = -10952 - -28120. What is the units digit of x?
8
Let u be 1 + (-2*7 - 0). Let s = -9 - u. What is the units digit of 76/6*30/s?
5
Suppose 109*i + 216*i = 826961 + 302414. What is the hundreds digit of i?
4
Suppose 4*z + 2 = -2. Let s(g) = -9*g - 7. Let j be s(z). Suppose -j*c + 55 = -189. What is the tens digit of c?
2
What is the ten thousands digit of ((-1973549)/(-133) - 25) + 2/7?
1
Let v(j) = 281*j**2 + 53*j - 507. What is the thousands digit of v(8)?
7
Suppose -61 = -4*c + c + 5*w, 5*c - 109 = w. Let p(v) be the third derivative of v**4/24 + 5*v**3 + 12*v**2. What is the tens digit of p(c)?
5
Suppose -6*u = 4*u - 5120. Suppose 3*i - 34 = u. What is the hundreds digit of i?
1
Suppose 0 = 7*s - 15*s. Suppose b + 2*a = 578, s = -0*b - 4*b - 3*a + 2322. What is the tens digit of b?
8
Let j(x) = -10317*x - 6683. What is the thousands digit of j(-5)?
4
Suppose 0 = 75*a + 481*a - 36100524. What is the thousands digit of a?
4
Suppose -3*b + 10 = -20. Let g be (-5)/(b/(-332)) + 21/7. Let q = g - 72. What is the units digit of q?
7
Let c(d) = 94*d**2 + 3*d + 26. Let l = -538 + 535. What is the tens digit of c(l)?
6
Let w be -1 + 0 + -7 - -2. Suppose -5*l = 11*l - 1168. What is the units digit of l + w/(-7 + 4)?
5
Suppose -4266 = 8*q - 1426. Let a = 909 + q. What is the units digit of a?
4
Let s(o) = 351*o**3 - 9*o**2 + 3. What is the thousands digit of s(2)?
2
Suppose 3546203 = 200*a + 683203. What is the tens digit of a?
1
What is the tens digit of ((-28)/(-98) - 133746/14)/(-1)?
5
Suppose a - 3662 = -a + 3956. What is the units digit of a?
9
Let v(i) = 3*i**3 + 110*i**2 - 84*i + 106. What is the hundreds digit of v(-36)?
7
Let x be (28/26)/(77/1001). Let i be (-2)/(-3) - 320/(-6). Let d = x + i. What is the units digit of d?
8
Let n = -4708 - -8516. What is the hundreds digit of n?
8
Let v(s) = 51*s**2 + 2*s + 8. Let b be v(6). Suppose -b = -7*q + 832. What is the hundreds digit of q?
3
Suppose 5*s - 49699 = -q, 51*s = 49*s + 2*q + 19882. What is the hundreds digit of s?
9
Let b(y) = 11*y**3 - 2*y**2 + 7*y - 18. Suppose 5*m = 4*u - 1 + 4, -2*m + 2*u = 0. What is the hundreds digit of b(m)?
2
Suppose 0 = 2*c - 6 + 2. Suppose 8*l - 12*l = -q - 27, -15 = -2*l - q. Suppose -2*g = d - 14, -3*d + l*g + 53 = c*g. What is the tens digit of d?
1
Let n be (-1)/((1/(-8)*-2)/2). Let o be (1 - -1) + -2 + 1 - n. Suppose -6*j = -o*j + 888. What is the units digit of j?
6
Let y = 760 - 764. What is the hundreds digit of (74/y)/(-4 + (-92)/(-24))?
1
Suppose 1330*m - 63084 = 1316*m. What is the hundreds digit of m?
5
Let h(j) = -j**3 + 12*j**2 - 9*j - 22. Let b be h(11). Let r(l) = 2*l + 272. What is the units digit of r(b)?
2
Let z be (-6 + 30/9)*129/(-2). Suppose -7223 = -11*k - z. What is the hundreds digit of k?
6
Let x = 1796 + -1552. What is the hundreds digit of x?
2
Suppose m - 3 = -p, 3*m - 5*p - 3 = -2*p. Let b(f) = 11*f**2 - 7*f**2 + 15*f - 5*f**m. What is the tens digit of b(9)?
5
Suppose -w + n = 0, 3*n = 12 - 3. Let m(j) = 40*j**2 - 17*j + 38. What is the units digit of m(w)?
7
Let x = 69365 + -41496. What is the ten thousands digit of x?
2
Let k be (0 - (-812 - 3)) + -2. Let a = k - 411. What is the units digit of a?
2
Suppose 326*q - 305*q = 163548. What is the tens digit of q?
8
Let u = 23 - 13. Suppose -15*w = u*w - 29650. What is the tens digit of w?
8
Suppose -2394*n + 2383*n + 336433 - 7918 = 0. What is the tens digit of n?
6
Let o(c) = 75*c - 29. Let i be o(9). Suppose 5*u - 1278 = -2*k - 2*k, -u - i = -2*k. What is the units digit of k?
2
Let k = -337 + 340. Suppose 15 = 4*m - 1. Suppose m*n - 377 + 109 = -3*b, 0 = n + k*b - 76. What is the tens digit of n?
6
Suppose -2*u - 5*q = -76410, q + 16914 = u - 21305. What is the units digit of u?
5
Let x(b) be the second derivative of -b**5/5 - b**3/6 - 44*b. What is the units digit of x(-1)?
5
Suppose 3*a + 4*a = 98. Let t = 371 + a. Let z = -187 + t. What is the tens digit of z?
9
Let d(h) = -2*h + 20. Let m be d(9). Suppose 19 - 44 = -5*k, m*k + 433 = s. Suppose s = 4*l - 17. What is the units digit of l?
5
Let o(t) = t**3 - 15*t**2 + 10*t - 41. What is the hundreds digit of o(15)?
1
Suppose 0 = -n + 2*n - 4. Suppose -n*x + 105 